 w(-9). Let a(t) = 2*t - 12. Calculate a(r).
-12
Let t(j) = -j**3 - 10*j**2 - 7*j + 4. Suppose -144 + 137 = o + x, 5*x - 7 = o. Determine t(o).
-94
Let s(u) = u**3 + 2*u**2 - 5*u - 3. Let g(q) = 3*q**3 - 4*q**3 - 3 - 2*q + 2*q**3. Suppose 0 = 2*b + 2*b. Let i be g(b). Determine s(i).
3
Let d(r) = 5*r**3 - 10*r**2 - 25*r + 52. Let i(z) = -11*z**3 + 16*z**2 + 49*z - 105. Let m(w) = 9*d(w) + 4*i(w). Calculate m(27).
-6
Let h be 8 + (0 - -7) - 14. Let z(c) = 33*c**3 - 2*c**2 + c. What is z(h)?
32
Let u(x) = x**2 + 7*x + 1 + 1 - 3. Suppose 10*m + 34 = -7*m. Let t be (-7 - m)*8/(-8) - 11. Give u(t).
-7
Let r(j) be the third derivative of -j**6/120 - j**5/30 + j**4/4 + j**3 - 3236*j**2. Let y be (-1)/2 - (-45)/10. Suppose 0 - y = g. Give r(g).
14
Let p(b) = 23*b**3 - 2*b**2 + 176*b - 173. Let c be p(1). Let k(m) = -4*m + 126. What is k(c)?
30
Let t(f) = -46 - 8*f + 5*f + 8 - 12 - 4*f. What is t(-9)?
13
Let h(y) = -3*y**3 - y - 5. Let w(m) = 7*m**3 + 3*m + 11. Let x(i) = 5*h(i) + 2*w(i). Suppose 4*z = 2*n + 2, -2*z - 4*n - 556 = -552. Calculate x(z).
-3
Let g(v) = 137*v - 10. Let b(l) = 114*l - 11. Let r(o) = 6*b(o) - 5*g(o). Let s = -24 + 24. Determine r(s).
-16
Let p(y) = y**3 + 2 - 10584*y - 10559*y + 21144*y + y**2. Suppose -3*f = -2*v, -v + 1 = f - 3*f. What is p(f)?
-4
Suppose -2*b - 194*u + 189*u = -42, -4*u = -32. Let q(r) = 30*r**2 - 16*r + 16. What is q(b)?
30
Let f be 1 - 2*(-209)/22. Let h(q) = -q**3 + 20*q**2 + q - 11. Determine h(f).
9
Let a be (-3 - 2)/(-20)*-4. Let k be 8/(-1 + a) + 9. Let z(f) = 2*f**2 + k - 5*f + 1 + 0*f**2 - 3*f**2. Give z(-5).
6
Let v(l) = -2*l + 10. Let n = -12626 - -12649. Determine v(n).
-36
Let j be ((35/(-7))/30)/((2/(-5))/1). Let s(h) be the third derivative of 0 - 5/3*h**3 - 1/60*h**5 + 4*h**2 - j*h**4 + 0*h. What is s(-9)?
-1
Let i(l) = -156*l**3 - 19*l + 6*l - 97 - 12*l + 155*l**3 - 19 - 7*l**2. Give i(-6).
-2
Suppose 0 = -2*t + 5*t + 2*q - 128, -3*q = -12. Suppose 5 = -7*s + t. Let z(m) = 2*m - s*m + 21 - 12. Give z(7).
-12
Let f(c) = -c**3 + 3*c**2 - c - 1. Let p be f(1). Suppose p = -21*h + 8*h + 52. Let j be h/((-8)/(-4)) - 7. Let a(s) = 2*s**2 + 6*s - 7. What is a(j)?
13
Let m(y) = y**2 - 8*y - 4. Let t(b) = b**2 + 6*b - 1. Let o be t(-7). Let g(a) = o*a + 6*a + a**2 - 19*a + 1 + a. Let v be g(7). What is m(v)?
-4
Let x = 34 - 23. Let r(i) = 11*i + 16*i + 14 - 26*i. Let g(z) = -2*z - 27. Let o(t) = x*r(t) + 6*g(t). Determine o(-7).
-1
Let l be 2*2 - (-6 + 1). Suppose 8*o = 17*o + l. Let j(i) = -12*i**3 - 2*i**2 - i. Determine j(o).
11
Let k(t) = -t**3 + t - 1. Let b(h) = 3*h**3 - 12*h**2 - 16*h + 1. Let y(u) = b(u) + 4*k(u). Let d = 7084 - 7095. Determine y(d).
8
Let q = -36 + 39. Suppose -24 = q*b - 6. Let m(g) = 5*g. Let d(v) = -6*v. Let h(o) = b*d(o) - 7*m(o). What is h(0)?
0
Let o(i) = -49 - 3*i - 68 + 0*i - 11*i + 1. Calculate o(-9).
10
Let k(o) = o**2 - 4*o + 3. Suppose 0 = -2*q + 6. Suppose -5*t = d - 6, 22 = t + 4*t - q*d. Suppose 0 = t*w + 4*c + 12, 3*w - 3*c - 3 = 6*w. What is k(w)?
3
Let c(h) be the first derivative of -h**4/12 - h**3/2 + h**2 + 91*h + 49. Let s(o) be the first derivative of c(o). What is s(4)?
-26
Let g be -4 + (6 - (8 + -6)). Let l be 2/8*g*(-5)/20. Let j(s) be the third derivative of -s**6/120 - s**5/60 + s**4/24 - s**3 - s**2. Give j(l).
-6
Suppose -2*b - 4 = 2*b, 0 = 4*s + b + 85. Let r(i) = i - 1. Let m(h) = 3*h - 4. Let k(a) = s*r(a) + 6*m(a). Let q be (-1)/9 + (-901)/477. What is k(q)?
3
Let p(w) = 4*w - 5*w**2 - 3 + w**3 + 2*w + 0*w**3. Let i be 6 - ((-3 - 1) + -1 + 3). Suppose -i = -j - j. Give p(j).
5
Let i(p) = 4*p**3 + 5*p**2 + 5*p**3 - 22*p**3 + 0 - 3 + 2*p + 14*p**3. Let q be (12/(-16))/((-1)/(-4)). Calculate i(q).
9
Let b(l) = -8*l**2 + 7*l - 6. Let h(y) = -7*y**2 + 6*y - 5. Let x(m) = -4*b(m) + 5*h(m). Let o = -354 + 339. Let q be (-9)/o + (-4)/(-10). What is x(q)?
-2
Suppose 15*j - 3*j = 1224. Suppose -22*v + j = -74. Let q(u) = -u**3 + 8*u**2 - 10. Calculate q(v).
-10
Suppose 17*h - 49*h + 650 = 18*h. Let t(k) = -6*k + 58. Calculate t(h).
-20
Let d(f) be the second derivative of f**3/6 + 14*f**2 - 457*f. Give d(-7).
21
Let m(u) = -u**2 + 2. Let t be (14/((-280)/30))/(2/(-140)). Suppose 91*r = t*r + 28. Determine m(r).
-2
Let o be 10*(-3)/6 + 15 + -6. Let q(h) = -4*h**2 + h - 6. Calculate q(o).
-66
Let w(b) be the third derivative of -b**6/360 - b**5/120 + 5*b**4/24 - 43*b**3/6 + 2*b**2 - 123*b. Let f(g) be the first derivative of w(g). What is f(5)?
-25
Suppose -4*m + 5*z + 2 = 0, 5*z = 3*m + z - 1. Let o(l) = -l**2 - 2*l + 5. Let q(v) = v**2 - v - 1. Let t(i) = o(i) + 3*q(i). Determine t(m).
5
Let v(b) = -755*b + 60407. Let c be v(80). Let d(h) = -2*h**2 - 2 + 3 + 10*h - 3. What is d(c)?
-30
Let a(x) = 3*x**2 + 8*x + 126. Let j(t) = t**2 - t + 2. Let v(g) = a(g) - 5*j(g). Let q(o) be the first derivative of v(o). What is q(6)?
-11
Let j = -200 + 116. Let p = j - -82. Let s(b) = -5*b**3 - 6*b**2 - b - 5. Let r(i) = -4*i**3 - 5*i**2 - i - 4. Let z(x) = 6*r(x) - 5*s(x). What is z(p)?
-5
Let d = 122 - 120. Let o(p) = p. Let h(c) = -c**2 + 8*c + 2. Let z(y) = -h(y) + 5*o(y). Determine z(d).
-4
Suppose -3*u = 4*l - 243 - 310, -5*u = 2*l - 931. Let x = u - 188. Let a(m) = -20*m**3 - m. What is a(x)?
21
Let t = -72 + 75. Let o(x) = -7 - x**2 - 20*x**t - 2*x + 7 - 1. Let c = 122 - 123. What is o(c)?
20
Let f(u) = u**2 - 157 + 0*u**2 - 1498505*u + 1498506*u. Calculate f(-13).
-1
Let v = 245 - 234. Let g(x) = -4*x**3 + 14*x**3 + 0 - v*x**3 + 15*x - 8 + 14*x**2. Give g(15).
-8
Let d(z) be the third derivative of -z**5/120 - z**4/24 - 13*z**3 - 3*z**2 - 12*z. Let b(l) be the first derivative of d(l). Give b(10).
-11
Suppose 3*c + 13 = 7. Let f be (1/(-4))/(c/24). Let t(l) = -l**3 + 4*l**2 - 5*l + 3. What is t(f)?
-3
Let b(k) be the second derivative of -k**4/12 + 4*k**3/3 - 9*k**2/2 + 6*k. Let l be b(7). Let i be ((-1)/2)/((-1)/l). Let a(f) = 2*f + 1. What is a(i)?
-1
Let r(v) = -2*v + 5. Let h be 4/((-7)/(28/16)). Let n(o) = -4. Let m(k) = h*r(k) - 3*n(k). Calculate m(-7).
-7
Let k(o) = o - 5. Let x be k(7). Let n(w) = -154*w**3 + 2*w**2 + 2 - x*w + 155*w**3 - w. Determine n(3).
38
Let z(b) be the second derivative of -b**5/20 - b**4/12 + 7*b**3/6 + 13*b**2/2 + b + 1407. What is z(-3)?
10
Let c = 4 + 1. Suppose 3*n - 3*t + c = -7, -5*t + 18 = -4*n. Let v(m) = 10*m**3 + 0*m**3 - 8*m**3 - 1 + 3*m**2 + m + 0*m. What is v(n)?
-7
Let t(d) be the second derivative of -d**3/3 - 5*d**2/2 + 8*d. Let g be 8/(-24) - (-107)/(-3). Let l be (-7)/4*g/(-9). Determine t(l).
9
Let i(r) = -7*r - 14. Let d(u) = 54*u + 510. Let h(z) = d(z) + 2*i(z). Give h(-12).
2
Let i(z) = -17*z**2 + 921*z + 777. Let c be i(55). Let o(j) be the third derivative of j**6/120 - j**5/10 - j**4/4 + j**3/3 - 2*j**2. Calculate o(c).
9
Let s = 21 + -26. Suppose 11*j - 2*f = 9*j, -3*j = 2*f - 20. Let m(y) = y - 6. Let n(q) = -2*q + 10. Let t(z) = j*n(z) + 7*m(z). What is t(s)?
3
Let g be ((-27)/(-15))/(9/30 + (-6)/12). Let r(t) = -12*t + 2*t**3 - t**3 - 10*t**2 + 1 - 2*t**3. Determine r(g).
28
Let u(r) = -9*r**3 - 9*r**2 + 3*r - 16. Let v(j) = -19*j**3 - 20*j**2 + 6*j - 34. Let s(d) = 13*u(d) - 6*v(d). What is s(3)?
-49
Let q(m) = -14*m - 59. Let p(y) = 15*y + 56. Let d(b) = -3*p(b) - 4*q(b). Give d(-6).
2
Let j be 27/9 - (-14)/2. Suppose -28 = -5*l + i - 31, 2*l + j = -4*i. Let f(o) = -13*o**3 - o**2 + o + 1. Give f(l).
12
Let o = 208 + -207. Let n(c) = 5*c + c + 3*c**2 - 2 - 7*c + 4. Calculate n(o).
4
Let b(v) = 7*v**3 + 2*v**2 + 21*v + 20. Let c be (2/8 + 14/(-24))/(129/387). What is b(c)?
-6
Let h(t) = 37*t**2 - 69*t + 113. Let u(y) = 13*y**2 - 25*y + 38. Let k(b) = 6*h(b) - 17*u(b). What is k(-8)?
8
Let z = -672 + 744. Let y = -63 + z. Let j(s) = -s + 4. Give j(y).
-5
Let l(q) = 5*q**2 + 9*q + 3. Let k(x) = -4*x**2 - 7*x - 2. Let b(a) = -6*k(a) - 5*l(a). Let u(n) = -53*n - 110. Let c be u(-2). Calculate b(c).
-7
Let n(h) = -1401*h + 0 - 1392*h - 13 + 2794*h. Let v = -23 - -38. Determine n(v).
2
Let i(c) = 98*c**2. Let n = 1399 - 1400. Calculate i(n).
98
Suppose 49195 = -3*o + 49126. Let s(t) = 10*t + 233. What is s(o)?
3
Let n(x) be the first derivative of x**4/4 - x**3 - 6*x + 4354. Give n(2).
-10
Let o(l) = -l**2 - l. Let i(u) = -7 + 9*u - u**2 - u**3 - 4*u**2 - 2*u**3 + 4*u**3 + 0*u**3. Let z(y) =